INSERT INTO `EST_VENDU2` (`NVEN`, `NART`, `PRIX2`, `QUANTITE`) VALUES 
(1, 1, 4, 3),
(2, 1, 6, 2.5),
(2, 2, 4, 5.6),
(3, 2, 7, 55.6),
(4, 4, 6, 62.5),
(6, 8, 7, 155.6),
(7, 9, 16, 6.2),
(8, 5, 7, 17.9),
(9, 6, 16, 46.2);

INSERT INTO `CLIENT` (`SECU`, `DATE`, `POINTS`) VALUES 
(1, '2008-03-19', 134),
(2, '2008-03-01', 5435),
(6, '2008-01-03', 2143),
(7, '2007-11-19', 2634),
(11, '2008-02-03', 972),
(12, '2008-01-14', 5646);

INSERT INTO `campagne` (`NCPG`, `NCAT`, `NOM4`, `VILLE`) VALUES 
(1, 1, 'PROMO DU PAPIER ROSE', 'Paris'),
(2, 3, 'PROMO IMPRIMANTE', 'LYON'),
(3, 1, 'PROMO DU PAPIER BLEU', 'Paris'),
(4, 4, 'PROMO ACCESSOIRE', 'Villerbanne');

INSERT INTO `categorie` (`NOM5`, `DESCRIPTION2`, `NCAT`) VALUES 
(1, 'Papetrie', 'stylot, feuille, etc...'),
(2, 'Software', 'bla'),
(3, 'Imprimante', 'tous models, et toutes marques'),
(4, 'Accessoire de bureau', 'Presse papier, agenda,...');

INSERT INTO `personne` (`SECU`, `NOM2`, `PRENOM`, `ADRESSE2`) VALUES 
(1, 'Jean', 'Foutre', '9 rue du temps'),
(2, 'Beauducel', 'Edouard', '23, quai saint vincent             69001 Lyon'),
(3, 'Pate', 'Eric', 'Le blabla   79942 PIPO'),
(4, 'Proute', 'George', '23, reu des poules   69343 Bizouland'),
(5, 'Hadj', 'Bruno', 'Le blabla   79942 PIPO'),
(6, 'Vrac', 'Julie', '23, reu des poules   69343 Bizouland'),
(7, 'Cajot', 'Martine', 'Le blabla   79942 PIPO'),
(8, 'Write', 'Mathilde', '23, reu des poules   69343 Bizouland'),
(9, 'Boule', 'Emilie', 'Le blabla   79942 PIPO'),
(10, 'Chary', 'Corentin', 'saxe gambett Beach'),
(11, 'Desflaches', 'Xavier', '21 rue du paul et de la Berta'),
(12, 'BOUBOU', 'Pika', 'Monte des 7 nains 54098 Blanche neige'),
(13, 'Dracula', 'Hector', 'avenue du dentier 99999 Kremelin-Bicetre'),
(14, 'Treize', 'Louis', '7 rue farfellu 53678 blablabla'),
(15, 'Therese', 'Marie', 'rue du peche 666 Jardin des ENFER'),
(16, 'Seize', 'Louis', '7 rue farfellu 53438 blablabla'),
(17, 'Fichtre', 'Adeline', '45 rue Vial 45666 Quellquepart');

INSERT INTO `ARTICLE` (`NART`, `NCAT`, `NOM3`, `DESCRIPTION`) VALUES 
(1, 1, 'Feuille A4 Blanc', 'papier format A4 120g/mm2'),
(2, 1, 'Feuille A4 Jaune', 'papier format A4 120g/mm2'),
(3, 1, 'Feuille A4 Bleu', 'papier format A4 120g/mm2'),
(4, 1, 'Feuille A4 Rose', 'papier format A4 120g/mm2'),
(5, 1, 'Feuille A4 Vert', 'papier format A4 120g/mm2'),
(6, 1, 'Feuille A4 Viollet', 'papier format A4 120g/mm2'),
(7, 2, 'Super apps V2.0', 'l application qu''elle est super'),
(8, 2, 'Super mega top apps V3.4', 'l''application qu''elle est mega top super'),
(9, 3, 'Super Imprimante', 'laser'),
(10, 3, 'Super mega top Imprimante', 'jet d''encre'),
(11, 4, 'Super Presse Papier', 'Tres joli'),
(12, 4, 'Super mega top Agrafeuse', '4.2 mm + une boite 200 agraphe');

INSERT INTO `departement` (`NDEP`, `SECU`, `NTD`, `NOM`, `ADRESSE`) VALUES 
(1, 1, 2, 'Graphico-LYON', '86 Blvrd Vivier Merles'),
(2, 4, 2, 'Graphico-Grenoble', '86 Rue des Ritournelle 38000 Grenoble'),
(3, 5, 2, 'Graphico-VILLERBANNE', '86 Blvrd du 11 Novembre 69001 Villerbanne'),
(4, 8, 2, 'STRACO', '86 rue de la charite 45001 Strasbourg'),
(5, 9, 2, 'PARPHICO', '86 rue de la charite 74501 Paris'),
(6, 10, 2, 'MVPC', '86 rue de la charite 74501 Paris'),
(7, 11, 3,'Comptabilité Centralise', '86 rue de la charite 74501 Paris');

INSERT INTO `type_departement` (`NTD`, `NOM_TYPE`) VALUES 
(1, 'VPC'),
(2, 'Magasin'),
(3, 'Service Comptable');

INSERT INTO `fournisseur` (`NF`, `NOMFOURNISSEUR`, `FRAIXLIVRAISON`) VALUES 
(1, 'Imprimante pas cher', 150),
(2, 'Papier en vrac', 200),
(3, 'Conforama', 175),
(4, 'Fournitassionneur', 120),
(5, 'tamtam', 225),
(6, 'Illico', 300);